{"id":102,"date":"2021-06-18T15:52:50","date_gmt":"2021-06-18T15:52:50","guid":{"rendered":"https:\/\/ladroit.org\/ladroit\/?page_id=102"},"modified":"2023-07-05T15:58:14","modified_gmt":"2023-07-05T19:58:14","slug":"contactez-nous","status":"publish","type":"page","link":"https:\/\/ladroit.org\/ladroit\/contactez-nous\/","title":{"rendered":"Contactez-nous"},"content":{"rendered":"\n<div class=\"wp-block-group\"><div class=\"wp-block-group__inner-container is-layout-flow wp-block-group-is-layout-flow\">\n<div class=\"wp-block-columns is-layout-flex wp-container-core-columns-is-layout-9d6595d7 wp-block-columns-is-layout-flex\">\n<div class=\"wp-block-column is-layout-flow wp-block-column-is-layout-flow\">\n<div class=\"wp-block-group\"><div class=\"wp-block-group__inner-container is-layout-flow wp-block-group-is-layout-flow\"><div class=\"wp-block-image\">\n<figure class=\"aligncenter size-full is-resized\"><img loading=\"lazy\" decoding=\"async\" src=\"https:\/\/ladroit.org\/ladroit\/wp-content\/uploads\/2021\/11\/Mail.png\" alt=\"\" class=\"wp-image-516\" width=\"75\" height=\"75\" srcset=\"https:\/\/ladroit.org\/ladroit\/wp-content\/uploads\/2021\/11\/Mail.png 512w, https:\/\/ladroit.org\/ladroit\/wp-content\/uploads\/2021\/11\/Mail-100x100.png 100w, https:\/\/ladroit.org\/ladroit\/wp-content\/uploads\/2021\/11\/Mail-300x300.png 300w, https:\/\/ladroit.org\/ladroit\/wp-content\/uploads\/2021\/11\/Mail-150x150.png 150w, https:\/\/ladroit.org\/ladroit\/wp-content\/uploads\/2021\/11\/Mail-510x510.png 510w\" sizes=\"auto, (max-width: 75px) 100vw, 75px\" \/><\/figure>\n<\/div>\n\n\n<p class=\"has-text-align-center\"><strong> Courriel:<\/strong> <a href=\"mailto:la-droit@bellnet.ca\">la-droit@bellnet.ca<\/a><\/p>\n<\/div><\/div>\n<\/div>\n\n\n\n<div class=\"wp-block-column is-layout-flow wp-block-column-is-layout-flow\"><div class=\"wp-block-image\">\n<figure class=\"aligncenter size-full is-resized\"><img loading=\"lazy\" decoding=\"async\" src=\"https:\/\/ladroit.org\/ladroit\/wp-content\/uploads\/2021\/11\/fax.png\" alt=\"\" class=\"wp-image-520\" width=\"75\" height=\"75\" srcset=\"https:\/\/ladroit.org\/ladroit\/wp-content\/uploads\/2021\/11\/fax.png 376w, https:\/\/ladroit.org\/ladroit\/wp-content\/uploads\/2021\/11\/fax-100x100.png 100w, https:\/\/ladroit.org\/ladroit\/wp-content\/uploads\/2021\/11\/fax-300x300.png 300w, https:\/\/ladroit.org\/ladroit\/wp-content\/uploads\/2021\/11\/fax-150x150.png 150w\" sizes=\"auto, (max-width: 75px) 100vw, 75px\" \/><\/figure>\n<\/div>\n\n\n<p class=\"has-text-align-center\"><strong>  T\u00e9l\u00e9copieur : <\/strong>(418) 837-8555 <\/p>\n<\/div>\n\n\n\n<div class=\"wp-block-column is-layout-flow wp-block-column-is-layout-flow\"><div class=\"wp-block-image\">\n<figure class=\"aligncenter size-full is-resized\"><img loading=\"lazy\" decoding=\"async\" src=\"https:\/\/ladroit.org\/ladroit\/wp-content\/uploads\/2021\/11\/telephone.png\" alt=\"\" class=\"wp-image-523\" width=\"68\" height=\"68\" srcset=\"https:\/\/ladroit.org\/ladroit\/wp-content\/uploads\/2021\/11\/telephone.png 512w, https:\/\/ladroit.org\/ladroit\/wp-content\/uploads\/2021\/11\/telephone-100x100.png 100w, https:\/\/ladroit.org\/ladroit\/wp-content\/uploads\/2021\/11\/telephone-300x300.png 300w, https:\/\/ladroit.org\/ladroit\/wp-content\/uploads\/2021\/11\/telephone-150x150.png 150w, https:\/\/ladroit.org\/ladroit\/wp-content\/uploads\/2021\/11\/telephone-510x510.png 510w\" sizes=\"auto, (max-width: 68px) 100vw, 68px\" \/><\/figure>\n<\/div>\n\n\n<p class=\"has-text-align-center\"><strong> T\u00e9l\u00e9phone :<\/strong> (418) 837-1113<br><strong>Ligne sans-frais :<\/strong> 1-866-837-1113 <\/p>\n<\/div>\n<\/div>\n<\/div><\/div>\n\n\n\n<div class=\"wp-block-columns is-layout-flex wp-container-core-columns-is-layout-9d6595d7 wp-block-columns-is-layout-flex\">\n<div class=\"wp-block-column is-layout-flow wp-block-column-is-layout-flow\" style=\"flex-basis:100%\">\n<div class=\"wp-block-columns is-layout-flex wp-container-core-columns-is-layout-9d6595d7 wp-block-columns-is-layout-flex\">\n<div class=\"wp-block-column is-layout-flow wp-block-column-is-layout-flow\" style=\"flex-basis:100%\">\n<div class=\"wp-block-columns is-layout-flex wp-container-core-columns-is-layout-9d6595d7 wp-block-columns-is-layout-flex\">\n<div class=\"wp-block-column is-layout-flow wp-block-column-is-layout-flow\">\n<div class=\"wp-block-group\"><div class=\"wp-block-group__inner-container is-layout-flow wp-block-group-is-layout-flow\">\n<center><iframe loading=\"lazy\" src=\"https:\/\/www.google.com\/maps\/embed?pb=!1m18!1m12!1m3!1d2730.994244489989!2d-71.18203838441762!3d46.80441927913966!2m3!1f0!2f0!3f0!3m2!1i1024!2i768!4f13.1!3m3!1m2!1s0x4cb895bb1a58c74f%3A0x7ee446a19fe505b7!2sL'A-Droit+de+Chaudi%C3%A8re-Appalaches!5e0!3m2!1sfr!2sca!4v1460556232318\" style=\"border:0\" allowfullscreen=\"\" width=\"600\" height=\"450\" frameborder=\"0\"><\/iframe><\/center>\n\n\n\n<p class=\"has-text-align-center\"> <strong>Bureau principal :<\/strong><br>L\u2019A-DROIT de Chaudi\u00e8re-Appalaches<br>5680, Rue Saint-Louis, L\u00e9vis (Qu\u00e9bec) G6V 4E5<br>Ouvert du lundi au vendredi de 9h00 \u00e0 17h00<br> <\/p>\n<\/div><\/div>\n<\/div>\n\n\n\n<div class=\"wp-block-column is-layout-flow wp-block-column-is-layout-flow\">\n<div class=\"wp-block-group\"><div class=\"wp-block-group__inner-container is-layout-flow wp-block-group-is-layout-flow\">\n<center>  <iframe loading=\"lazy\" src=\"https:\/\/www.google.com\/maps\/embed?pb=!1m18!1m12!1m3!1d2765.609659935459!2d-70.67155893429178!3d46.11868447911419!2m3!1f0!2f0!3f0!3m2!1i1024!2i768!4f13.1!3m3!1m2!1s0x4cb9bfe34397d551%3A0x566b4c9ba58568b4!2sSaint-Georges%2C+QC+G5Y+2E3!5e0!3m2!1sfr!2sca!4v1474902585938\" style=\"border:0\" allowfullscreen=\"\" width=\"600\" height=\"450\" frameborder=\"0\"><\/iframe><\/center>\n\n\n\n<p class=\"has-text-align-center\"> <strong>Point de chute situ\u00e9 au :<\/strong><br>12425 1re Avenue,<br>Saint-Georges de Beauce (Qu\u00e9bec) G5Y 2E3<br>Ouvert le jeudi de 9h30 \u00e0 16h30<\/p>\n<\/div><\/div>\n<\/div>\n<\/div>\n<\/div>\n<\/div>\n<\/div>\n<\/div>\n\n\n\n<hr class=\"wp-block-separator has-text-color has-css-opacity has-background is-style-wide\" style=\"background-color:#f0a823;color:#f0a823\"\/>\n\n\n\n<p class=\"has-text-align-center\"><strong>Vous voulez obtenir de l&rsquo;information sur vos droits et conna\u00eetre les ressources en sant\u00e9 mentale les plus proches ?<\/strong><br>Essayez notre nouvelle application mobile Droits et Ressources Sant\u00e9 Mentale (DRSM) : <\/p>\n\n\n\n<div class=\"wp-block-columns is-layout-flex wp-container-core-columns-is-layout-9d6595d7 wp-block-columns-is-layout-flex\">\n<div class=\"wp-block-column is-layout-flow wp-block-column-is-layout-flow\">\n<figure class=\"wp-block-image is-resized\"><a href=\"https:\/\/apps.apple.com\/ca\/app\/drsm-sant%C3%A9-mentale\/id1480031825?l=fr\"><img loading=\"lazy\" decoding=\"async\" src=\"https:\/\/ladroit.org\/infodroits\/wp-content\/uploads\/2020\/01\/appstorelogov2.png\" alt=\"\" class=\"wp-image-48\" width=\"266\" height=\"84\"\/><\/a><\/figure>\n<\/div>\n\n\n\n<div class=\"wp-block-column is-layout-flow wp-block-column-is-layout-flow\"><div class=\"wp-block-image\">\n<figure class=\"aligncenter size-large is-resized\"><a href=\"https:\/\/play.google.com\/store\/apps\/details?id=org.ladroit.droitssm\"><img loading=\"lazy\" decoding=\"async\" src=\"https:\/\/ladroit.org\/ladroit\/wp-content\/uploads\/2021\/11\/1200px-Google_Play_Store_badge_FR.svg_-1-1024x304.png\" alt=\"\" class=\"wp-image-491\" width=\"256\" height=\"76\" srcset=\"https:\/\/ladroit.org\/ladroit\/wp-content\/uploads\/2021\/11\/1200px-Google_Play_Store_badge_FR.svg_-1-1024x304.png 1024w, https:\/\/ladroit.org\/ladroit\/wp-content\/uploads\/2021\/11\/1200px-Google_Play_Store_badge_FR.svg_-1-600x178.png 600w, https:\/\/ladroit.org\/ladroit\/wp-content\/uploads\/2021\/11\/1200px-Google_Play_Store_badge_FR.svg_-1-300x89.png 300w, https:\/\/ladroit.org\/ladroit\/wp-content\/uploads\/2021\/11\/1200px-Google_Play_Store_badge_FR.svg_-1-768x228.png 768w, https:\/\/ladroit.org\/ladroit\/wp-content\/uploads\/2021\/11\/1200px-Google_Play_Store_badge_FR.svg_-1.png 1200w\" sizes=\"auto, (max-width: 256px) 100vw, 256px\" \/><\/a><\/figure>\n<\/div><\/div>\n<\/div>\n\n\n\n<hr class=\"wp-block-separator has-text-color has-css-opacity has-background is-style-wide\" style=\"background-color:#f0a823;color:#f0a823\"\/>\n\n\n\n<div class=\"wp-block-contact-form-7-contact-form-selector\">\n<div class=\"wpcf7 no-js\" id=\"wpcf7-f1648-o1\" lang=\"fr-FR\" dir=\"ltr\" data-wpcf7-id=\"1648\">\n<div class=\"screen-reader-response\"><p role=\"status\" aria-live=\"polite\" aria-atomic=\"true\"><\/p> <ul><\/ul><\/div>\n<form action=\"\/ladroit\/wp-json\/wp\/v2\/pages\/102#wpcf7-f1648-o1\" method=\"post\" class=\"wpcf7-form init\" aria-label=\"Formulaire de contact\" novalidate=\"novalidate\" data-status=\"init\">\n<fieldset class=\"hidden-fields-container\"><input type=\"hidden\" name=\"_wpcf7\" value=\"1648\" \/><input type=\"hidden\" name=\"_wpcf7_version\" value=\"6.1.2\" \/><input type=\"hidden\" name=\"_wpcf7_locale\" value=\"fr_FR\" \/><input type=\"hidden\" name=\"_wpcf7_unit_tag\" value=\"wpcf7-f1648-o1\" \/><input type=\"hidden\" name=\"_wpcf7_container_post\" value=\"0\" \/><input type=\"hidden\" name=\"_wpcf7_posted_data_hash\" value=\"\" \/>\n<\/fieldset>\n<p><label> Votre nom<br \/>\n<span class=\"wpcf7-form-control-wrap\" data-name=\"your-name\"><input size=\"40\" maxlength=\"400\" class=\"wpcf7-form-control wpcf7-text wpcf7-validates-as-required\" aria-required=\"true\" aria-invalid=\"false\" value=\"\" type=\"text\" name=\"your-name\" \/><\/span> <\/label>\n<\/p>\n<p><label> Votre e-mail<br \/>\n<span class=\"wpcf7-form-control-wrap\" data-name=\"your-email\"><input size=\"40\" maxlength=\"400\" class=\"wpcf7-form-control wpcf7-email wpcf7-validates-as-required wpcf7-text wpcf7-validates-as-email\" aria-required=\"true\" aria-invalid=\"false\" value=\"\" type=\"email\" name=\"your-email\" \/><\/span> <\/label>\n<\/p>\n<p><label> Objet<br \/>\n<span class=\"wpcf7-form-control-wrap\" data-name=\"your-subject\"><input size=\"40\" maxlength=\"400\" class=\"wpcf7-form-control wpcf7-text wpcf7-validates-as-required\" aria-required=\"true\" aria-invalid=\"false\" value=\"\" type=\"text\" name=\"your-subject\" \/><\/span> <\/label>\n<\/p>\n<p><label> Votre message<br \/>\n<span class=\"wpcf7-form-control-wrap\" data-name=\"your-message\"><textarea cols=\"40\" rows=\"10\" maxlength=\"2000\" class=\"wpcf7-form-control wpcf7-textarea\" aria-invalid=\"false\" name=\"your-message\"><\/textarea><\/span> <\/label>\n<\/p>\n<p><input class=\"wpcf7-form-control wpcf7-submit has-spinner\" type=\"submit\" value=\"Envoyer\" \/>\n<\/p><p style=\"display: none !important;\" class=\"akismet-fields-container\" data-prefix=\"_wpcf7_ak_\"><label>&#916;<textarea name=\"_wpcf7_ak_hp_textarea\" cols=\"45\" rows=\"8\" maxlength=\"100\"><\/textarea><\/label><input type=\"hidden\" id=\"ak_js_1\" name=\"_wpcf7_ak_js\" value=\"209\"\/><script>document.getElementById( \"ak_js_1\" ).setAttribute( \"value\", ( new Date() ).getTime() );<\/script><\/p><div class=\"wpcf7-response-output\" aria-hidden=\"true\"><\/div>\n<\/form>\n<\/div>\n<\/div>\n\n\n\n<p><\/p>\n\n\n<p><script src=\"https:\/\/code.responsivevoice.org\/responsivevoice.js?key=5SQ0t3iO\"><\/script><\/p>\n","protected":false},"excerpt":{"rendered":"<p>Courriel: la-droit@bellnet.ca T\u00e9l\u00e9copieur : (418) 837-8555 T\u00e9l\u00e9phone : (418) 837-1113Ligne sans-frais : 1-866-837-1113 Bureau principal :L\u2019A-DROIT de Chaudi\u00e8re-Appalaches5680, Rue Saint-Louis, L\u00e9vis (Qu\u00e9bec) G6V 4E5Ouvert du lundi au vendredi de 9h00 [&hellip;]<\/p>\n","protected":false},"author":2,"featured_media":0,"parent":0,"menu_order":0,"comment_status":"closed","ping_status":"closed","template":"","meta":{"footnotes":""},"class_list":["post-102","page","type-page","status-publish","czr-hentry"],"jetpack_sharing_enabled":true,"_links":{"self":[{"href":"https:\/\/ladroit.org\/ladroit\/wp-json\/wp\/v2\/pages\/102","targetHints":{"allow":["GET"]}}],"collection":[{"href":"https:\/\/ladroit.org\/ladroit\/wp-json\/wp\/v2\/pages"}],"about":[{"href":"https:\/\/ladroit.org\/ladroit\/wp-json\/wp\/v2\/types\/page"}],"author":[{"embeddable":true,"href":"https:\/\/ladroit.org\/ladroit\/wp-json\/wp\/v2\/users\/2"}],"replies":[{"embeddable":true,"href":"https:\/\/ladroit.org\/ladroit\/wp-json\/wp\/v2\/comments?post=102"}],"version-history":[{"count":28,"href":"https:\/\/ladroit.org\/ladroit\/wp-json\/wp\/v2\/pages\/102\/revisions"}],"predecessor-version":[{"id":2191,"href":"https:\/\/ladroit.org\/ladroit\/wp-json\/wp\/v2\/pages\/102\/revisions\/2191"}],"wp:attachment":[{"href":"https:\/\/ladroit.org\/ladroit\/wp-json\/wp\/v2\/media?parent=102"}],"curies":[{"name":"wp","href":"https:\/\/api.w.org\/{rel}","templated":true}]}}