{"id":376,"date":"2021-09-09T14:45:38","date_gmt":"2021-09-09T18:45:38","guid":{"rendered":"https:\/\/ladroit.org\/ladroit\/?post_type=product&#038;p=376"},"modified":"2022-12-05T09:32:48","modified_gmt":"2022-12-05T14:32:48","slug":"les-fous-crient-au-secours","status":"publish","type":"product","link":"https:\/\/ladroit.org\/ladroit\/produit\/les-fous-crient-au-secours\/","title":{"rendered":"Tasse de voyage promotionnelle L&rsquo;A-Droit"},"content":{"rendered":"<p>Magnifique tasse de voyage L&rsquo;A-Droit, qui vous accompagnera dans toutes vos matin\u00e9es. Que ce soit du caf\u00e9, du th\u00e9, de la bi\u00e8re ou m\u00eame de l&rsquo;eau, elle s&rsquo;adaptera parfaitement. Celle-ci porte le logo L&rsquo;A-Droit en noir et blanc. En dessous, vous trouverez un rev\u00eatement antid\u00e9rapant ainsi qu&rsquo;un couvercle sup\u00e9rieur refermable \u00e9tanche.<\/p>\n","protected":false},"excerpt":{"rendered":"<p>Magnifique tasse de voyage L&rsquo;A-Droit, qui vous accompagnera dans toutes vos matin\u00e9es. Que ce soit du caf\u00e9, du th\u00e9, de la bi\u00e8re ou m\u00eame de l&rsquo;eau, elle s&rsquo;adaptera parfaitement. Celle-ci porte le logo L&rsquo;A-Droit en noir et blanc. En dessous, vous trouverez un rev\u00eatement antid\u00e9rapant ainsi qu&rsquo;un couvercle sup\u00e9rieur refermable \u00e9tanche.<\/p>\n","protected":false},"featured_media":1838,"template":"","meta":[],"product_brand":[],"product_cat":[21],"product_tag":[],"class_list":{"0":"post-376","1":"product","2":"type-product","3":"status-publish","4":"has-post-thumbnail","6":"product_cat-articles-promotionnels","8":"first","9":"instock","10":"purchasable","11":"product-type-simple","12":"czr-hentry"},"jetpack_sharing_enabled":true,"_links":{"self":[{"href":"https:\/\/ladroit.org\/ladroit\/wp-json\/wp\/v2\/product\/376","targetHints":{"allow":["GET"]}}],"collection":[{"href":"https:\/\/ladroit.org\/ladroit\/wp-json\/wp\/v2\/product"}],"about":[{"href":"https:\/\/ladroit.org\/ladroit\/wp-json\/wp\/v2\/types\/product"}],"wp:featuredmedia":[{"embeddable":true,"href":"https:\/\/ladroit.org\/ladroit\/wp-json\/wp\/v2\/media\/1838"}],"wp:attachment":[{"href":"https:\/\/ladroit.org\/ladroit\/wp-json\/wp\/v2\/media?parent=376"}],"wp:term":[{"taxonomy":"product_brand","embeddable":true,"href":"https:\/\/ladroit.org\/ladroit\/wp-json\/wp\/v2\/product_brand?post=376"},{"taxonomy":"product_cat","embeddable":true,"href":"https:\/\/ladroit.org\/ladroit\/wp-json\/wp\/v2\/product_cat?post=376"},{"taxonomy":"product_tag","embeddable":true,"href":"https:\/\/ladroit.org\/ladroit\/wp-json\/wp\/v2\/product_tag?post=376"}],"curies":[{"name":"wp","href":"https:\/\/api.w.org\/{rel}","templated":true}]}}